{"id":610,"date":"2020-01-09T16:49:02","date_gmt":"2020-01-09T15:49:02","guid":{"rendered":"https:\/\/www.psytra.fr\/?page_id=610"},"modified":"2020-01-11T16:55:27","modified_gmt":"2020-01-11T15:55:27","slug":"le-stress-lanxiete","status":"publish","type":"page","link":"https:\/\/www.psytra.fr\/index.php\/le-stress-lanxiete\/","title":{"rendered":"Le stress \/ L&rsquo;anxi\u00e9t\u00e9"},"content":{"rendered":"\n<p> Un stress constant ? Il commence \u00e0 vous envahir dans des situations banales ? Certaines situations vous paralysent ? Le stress provoque des sensations physiques d\u00e9sagr\u00e9ables ? <\/p>\n","protected":false},"excerpt":{"rendered":"<p>Un stress constant ? Il commence \u00e0 vous envahir dans des situations banales ? Certaines situations vous paralysent ? Le stress provoque des sensations physiques d\u00e9sagr\u00e9ables ?<\/p>\n","protected":false},"author":3,"featured_media":0,"parent":0,"menu_order":0,"comment_status":"closed","ping_status":"closed","template":"","meta":{"footnotes":""},"class_list":["post-610","page","type-page","status-publish","hentry"],"featured_image_urls_v2":{"full":"","thumbnail":"","medium":"","medium_large":"","large":"","1536x1536":"","2048x2048":"","homepage-thumb":""},"post_excerpt_stackable_v2":"<p>Un stress constant ? Il commence \u00e0 vous envahir dans des situations banales ? Certaines situations vous paralysent ? Le stress provoque des sensations physiques d\u00e9sagr\u00e9ables ?<\/p>\n","category_list_v2":"","author_info_v2":{"name":"M Petrazoller","url":"https:\/\/www.psytra.fr\/index.php\/author\/mpetra\/"},"comments_num_v2":"0 commentaire","yoast_head":"<!-- This site is optimized with the Yoast SEO plugin v26.6 - https:\/\/yoast.com\/wordpress\/plugins\/seo\/ -->\n<title>Le stress \/ L&#039;anxi\u00e9t\u00e9 - Micka\u00ebl Petrazoller<\/title>\n<meta name=\"robots\" content=\"index, follow, max-snippet:-1, max-image-preview:large, max-video-preview:-1\" \/>\n<link rel=\"canonical\" href=\"https:\/\/www.psytra.fr\/index.php\/le-stress-lanxiete\/\" \/>\n<meta property=\"og:locale\" content=\"fr_FR\" \/>\n<meta property=\"og:type\" content=\"article\" \/>\n<meta property=\"og:title\" content=\"Le stress \/ L&#039;anxi\u00e9t\u00e9 - Micka\u00ebl Petrazoller\" \/>\n<meta property=\"og:description\" content=\"Un stress constant ? Il commence \u00e0 vous envahir dans des situations banales ? Certaines situations vous paralysent ? Le stress provoque des sensations physiques d\u00e9sagr\u00e9ables ?\" \/>\n<meta property=\"og:url\" content=\"https:\/\/www.psytra.fr\/index.php\/le-stress-lanxiete\/\" \/>\n<meta property=\"og:site_name\" content=\"Micka\u00ebl Petrazoller\" \/>\n<meta property=\"article:modified_time\" content=\"2020-01-11T15:55:27+00:00\" \/>\n<meta name=\"twitter:card\" content=\"summary_large_image\" \/>\n<script type=\"application\/ld+json\" class=\"yoast-schema-graph\">{\"@context\":\"https:\/\/schema.org\",\"@graph\":[{\"@type\":\"WebPage\",\"@id\":\"https:\/\/www.psytra.fr\/index.php\/le-stress-lanxiete\/\",\"url\":\"https:\/\/www.psytra.fr\/index.php\/le-stress-lanxiete\/\",\"name\":\"Le stress \/ L'anxi\u00e9t\u00e9 - Micka\u00ebl Petrazoller\",\"isPartOf\":{\"@id\":\"https:\/\/www.psytra.fr\/#website\"},\"datePublished\":\"2020-01-09T15:49:02+00:00\",\"dateModified\":\"2020-01-11T15:55:27+00:00\",\"breadcrumb\":{\"@id\":\"https:\/\/www.psytra.fr\/index.php\/le-stress-lanxiete\/#breadcrumb\"},\"inLanguage\":\"fr-FR\",\"potentialAction\":[{\"@type\":\"ReadAction\",\"target\":[\"https:\/\/www.psytra.fr\/index.php\/le-stress-lanxiete\/\"]}]},{\"@type\":\"BreadcrumbList\",\"@id\":\"https:\/\/www.psytra.fr\/index.php\/le-stress-lanxiete\/#breadcrumb\",\"itemListElement\":[{\"@type\":\"ListItem\",\"position\":1,\"name\":\"Accueil\",\"item\":\"https:\/\/www.psytra.fr\/\"},{\"@type\":\"ListItem\",\"position\":2,\"name\":\"Le stress \/ L&rsquo;anxi\u00e9t\u00e9\"}]},{\"@type\":\"WebSite\",\"@id\":\"https:\/\/www.psytra.fr\/#website\",\"url\":\"https:\/\/www.psytra.fr\/\",\"name\":\"Micka\u00ebl Petrazoller\",\"description\":\"Psychologue, Psychoth\u00e9rapeute TCC \u00e0 Haguenau\",\"potentialAction\":[{\"@type\":\"SearchAction\",\"target\":{\"@type\":\"EntryPoint\",\"urlTemplate\":\"https:\/\/www.psytra.fr\/?s={search_term_string}\"},\"query-input\":{\"@type\":\"PropertyValueSpecification\",\"valueRequired\":true,\"valueName\":\"search_term_string\"}}],\"inLanguage\":\"fr-FR\"}]}<\/script>\n<!-- \/ Yoast SEO plugin. -->","yoast_head_json":{"title":"Le stress \/ L'anxi\u00e9t\u00e9 - Micka\u00ebl Petrazoller","robots":{"index":"index","follow":"follow","max-snippet":"max-snippet:-1","max-image-preview":"max-image-preview:large","max-video-preview":"max-video-preview:-1"},"canonical":"https:\/\/www.psytra.fr\/index.php\/le-stress-lanxiete\/","og_locale":"fr_FR","og_type":"article","og_title":"Le stress \/ L'anxi\u00e9t\u00e9 - Micka\u00ebl Petrazoller","og_description":"Un stress constant ? Il commence \u00e0 vous envahir dans des situations banales ? Certaines situations vous paralysent ? Le stress provoque des sensations physiques d\u00e9sagr\u00e9ables ?","og_url":"https:\/\/www.psytra.fr\/index.php\/le-stress-lanxiete\/","og_site_name":"Micka\u00ebl Petrazoller","article_modified_time":"2020-01-11T15:55:27+00:00","twitter_card":"summary_large_image","schema":{"@context":"https:\/\/schema.org","@graph":[{"@type":"WebPage","@id":"https:\/\/www.psytra.fr\/index.php\/le-stress-lanxiete\/","url":"https:\/\/www.psytra.fr\/index.php\/le-stress-lanxiete\/","name":"Le stress \/ L'anxi\u00e9t\u00e9 - Micka\u00ebl Petrazoller","isPartOf":{"@id":"https:\/\/www.psytra.fr\/#website"},"datePublished":"2020-01-09T15:49:02+00:00","dateModified":"2020-01-11T15:55:27+00:00","breadcrumb":{"@id":"https:\/\/www.psytra.fr\/index.php\/le-stress-lanxiete\/#breadcrumb"},"inLanguage":"fr-FR","potentialAction":[{"@type":"ReadAction","target":["https:\/\/www.psytra.fr\/index.php\/le-stress-lanxiete\/"]}]},{"@type":"BreadcrumbList","@id":"https:\/\/www.psytra.fr\/index.php\/le-stress-lanxiete\/#breadcrumb","itemListElement":[{"@type":"ListItem","position":1,"name":"Accueil","item":"https:\/\/www.psytra.fr\/"},{"@type":"ListItem","position":2,"name":"Le stress \/ L&rsquo;anxi\u00e9t\u00e9"}]},{"@type":"WebSite","@id":"https:\/\/www.psytra.fr\/#website","url":"https:\/\/www.psytra.fr\/","name":"Micka\u00ebl Petrazoller","description":"Psychologue, Psychoth\u00e9rapeute TCC \u00e0 Haguenau","potentialAction":[{"@type":"SearchAction","target":{"@type":"EntryPoint","urlTemplate":"https:\/\/www.psytra.fr\/?s={search_term_string}"},"query-input":{"@type":"PropertyValueSpecification","valueRequired":true,"valueName":"search_term_string"}}],"inLanguage":"fr-FR"}]}},"jetpack_sharing_enabled":true,"_links":{"self":[{"href":"https:\/\/www.psytra.fr\/index.php\/wp-json\/wp\/v2\/pages\/610","targetHints":{"allow":["GET"]}}],"collection":[{"href":"https:\/\/www.psytra.fr\/index.php\/wp-json\/wp\/v2\/pages"}],"about":[{"href":"https:\/\/www.psytra.fr\/index.php\/wp-json\/wp\/v2\/types\/page"}],"author":[{"embeddable":true,"href":"https:\/\/www.psytra.fr\/index.php\/wp-json\/wp\/v2\/users\/3"}],"replies":[{"embeddable":true,"href":"https:\/\/www.psytra.fr\/index.php\/wp-json\/wp\/v2\/comments?post=610"}],"version-history":[{"count":2,"href":"https:\/\/www.psytra.fr\/index.php\/wp-json\/wp\/v2\/pages\/610\/revisions"}],"predecessor-version":[{"id":639,"href":"https:\/\/www.psytra.fr\/index.php\/wp-json\/wp\/v2\/pages\/610\/revisions\/639"}],"wp:attachment":[{"href":"https:\/\/www.psytra.fr\/index.php\/wp-json\/wp\/v2\/media?parent=610"}],"curies":[{"name":"wp","href":"https:\/\/api.w.org\/{rel}","templated":true}]}}